ors of d.
2
Suppose -i + 18 + 20 = 3*j, j = -i + 44. List the prime factors of i.
47
Suppose -m + 117 = 8. What are the prime factors of m?
109
Let y = 22 - -6. Let l(h) = h**3 + 3*h**2 - 4*h + 2. Let f be l(-4). Suppose -2*c = f - y. List the prime factors of c.
13
Suppose 854 = 2*c + 164. List the prime factors of c.
3, 5, 23
Suppose -3*f = 0, 5*y = -3*f - 1 + 21. Suppose -2*p = 3*k - 8*k - 49, -y = -2*p. Let x(n) = -n - 7. What are the prime factors of x(k)?
2
Let m = -99 + 154. What are the prime factors of m?
5, 11
Suppose d + k + 42 = -d, 5*d = -4*k - 99. Let i = 268 + d. What are the prime factors of i/20 + (-6)/(-8)?
13
Let l(i) = i**3 + 6*i**2 + 3*i + 1. Let y be l(-5). Let o = y - 6. What are the prime factors of o?
5
Let z(s) = -s + 9. Let t be z(6). Let u be (4/(2 + 0))/(-1). List the prime factors of (9 - 1)*(t + u).
2
Suppose 0 = -3*v + 59 + 58. List the prime factors of v.
3, 13
Let o be (1 + 3)*(-2)/(-4). Suppose -o*i = -1 - 5. Suppose i*d + 16 = 2*w, 3*w - 4*d + 0*d - 25 = 0. List the prime factors of w.
11
Let j = 9 + -5. Suppose 2*z - j = 4*k + 6*z, 21 = -k - 5*z. Suppose 4*d - u - 30 = 2, -5*d + 51 = -k*u. What are the prime factors of d?
7
Let k(a) = -2*a**2 + 0*a + 1 + 0*a + a - 3*a - a**3. What are the prime factors of k(-3)?
2
What are the prime factors of (-481)/(-5) + (4 - 42/10)?
2, 3
Suppose 0 = -2*g - 5*l + 198, 255 = 4*g - g - 3*l. What are the prime factors of g?
89
Suppose 31 = q + 9. What are the prime factors of q?
2, 11
Let j(d) = d**3 - d. Let u be j(0). Suppose -4*w + 41 = 4*o - 75, 4*o + w - 110 = u. What are the prime factors of o?
3
List the prime factors of -3*((-148)/(-6))/(-2).
37
What are the prime factors of (-4)/(-22) - 128/(-22)?
2, 3
Let w(m) = -m + 1. Let n be w(1). Let f be (-2)/8 + 116/16. Suppose n = -0*p - p + f. List the prime factors of p.
7
Suppose 0*t - 40 = 4*t. Let a = t - -21. List the prime factors of a.
11
Let s = 16 + 29. Suppose -g + 2*g = -3*t + 5, 0 = 2*g - t - s. What are the prime factors of g?
2, 5
Let o(m) = -m**2 + 5*m. Let c be o(8). Let p = c - -45. List the prime factors of p.
3, 7
Let q = 6 - 2. Let t = q - -4. What are the prime factors of t?
2
Let q(c) = 3*c**2 - 9*c - 4*c**2 + 2 + 0*c. List the prime factors of q(-8).
2, 5
Suppose -u + 0*u + 46 = 0. Suppose -u = -3*f - m, -2*f - m + 7 = -25. Let l = f + -8. List the prime factors of l.
2, 3
Let l = -77 + 165. List the prime factors of l.
2, 11
Suppose -2*d + 2 = -d. Let q be (-65)/(-3) + d/6. Suppose 5*u - 50 = -5*n, 0*n = -3*n + 5*u + q. List the prime factors of n.
3
Suppose -4*d - 5*y + 187 = 0, y = 3*d - 4*y - 149. What are the prime factors of d?
2, 3
Suppose 4*g + 16 = 0, -24 = 4*j + 5*g + 56. List the prime factors of (4 - j) + (-2)/1.
17
Suppose 5*s = 33 + 7. List the prime factors of s.
2
Let k(j) = 5*j + 1. Let u be k(6). Let i = u - 0. Let a = -14 + i. What are the prime factors of a?
17
Suppose 91 = a + 7*x - 3*x, 222 = 3*a - 5*x. List the prime factors of a.
79
Suppose -9*l = -11*l + 24. List the prime factors of l.
2, 3
Suppose -100 = -3*x - 4*l, -4*x = l - 0*l - 116. What are the prime factors of x?
2, 7
Suppose 237 = m + 2*m. List the prime factors of m.
79
Let c(z) = z**3 + 10*z**2 - 12*z - 10. Let r be c(-11). Let q(k) = -k + 1. Let b(j) = 15*j - 4. Let v(p) = b(p) + 3*q(p). List the prime factors of v(r).
11
Let a(s) = 5*s - 27. What are the prime factors of a(9)?
2, 3
Let g = -28 - -20. Let f be (-1 - 38/g)*-4. Let a = f + 29. What are the prime factors of a?
2, 7
Suppose 0*k = -5*k - 10. List the prime factors of (1 - -1) + 2 + k.
2
Let k = -8 - -12. List the prime factors of k.
2
What are the prime factors of 286/(-13)*(-1)/1?
2, 11
Let n(l) = 3*l**2 - 1. Let t be n(-1). Suppose -t*v - 1 = 5*j + 2*v, -j + 4*v = -19. Suppose i = -3*x + 26 + 12, j*i = -x + 18. What are the prime factors of x?
2, 3
Let d be (-1 + -14)*2/(-6). Suppose -p = -d*p + 16. Suppose -2*l + 30 = -4*x, -l = -p*x + 11 - 28. What are the prime factors of l?
13
Let h be (-150)/24 + (-3)/(-12). List the prime factors of h/(-24) + (-31)/(-4).
2
Suppose 5*g - 20 = g. Suppose g*x - 17 = -2*o + o, 0 = 2*x. What are the prime factors of o?
17
List the prime factors of ((-60)/18)/(1/(-9)).
2, 3, 5
Let f(d) = d**2 + 8*d + 6. Let p be f(-6). Let c(t) = -3*t - 9. What are the prime factors of c(p)?
3
Suppose -9 = -5*b + 3*x, 4*b - 2*b = -4*x + 14. Suppose b*p = -0*p + 36. What are the prime factors of p?
2, 3
Let k = 491 + -266. List the prime factors of k.
3, 5
Suppose 6*u - 2*u = 20. Suppose u*t = t + 120. What are the prime factors of t?
2, 3, 5
Suppose -21 + 57 = 2*j. Suppose 0 = -o + 2*o, 0 = -q + 3*o - 6. Let z = q + j. What are the prime factors of z?
2, 3
Let z(f) = f**2 - 6*f + 9. What are the prime factors of z(6)?
3
Let j(r) = -10*r - 1. Let d(i) = i**3 + i**2 - i - 3. Let z be d(0). What are the prime factors of j(z)?
29
Let l be (-3 - -2) + (-1 - -22). Suppose -l = 3*o - 62. What are the prime factors of o?
2, 7
Suppose -5*d + 213 = -2*d. List the prime factors of d.
71
Let b(d) = -d + 4. Let x be b(0). Suppose 0 = x*r - 0 - 32. What are the prime factors of r?
2
Suppose -a = -7 - 0. Let k(y) = y**2 - 6*y - 5. Let o be k(a). Suppose -o*x - 2*h = -10, -3*x + 14 = -2*h + 4. List the prime factors of x.
2
Let b(a) = a**3 + 8*a**2 + 5*a + 1. Let w be b(-6). Suppose 4*v - 29 = w. What are the prime factors of v?
2, 3
Let n = -23 - -49. What are the prime factors of n?
2, 13
Let t = -7 - -16. Suppose 3*y + t = 6*y. List the prime factors of y.
3
Suppose -2*j + 6 = 2*r - 40, 5*r + 3*j - 125 = 0. List the prime factors of r.
2, 7
Suppose 5*s = -5*w - 5, -2*w = -3*w - 4*s - 10. List the prime factors of -6*w/3*-11.
2, 11
Let w(y) = 2*y + 11. Let b(i) = -2*i - 11. Let m(d) = -5*b(d) - 6*w(d). List the prime factors of m(-9).
7
Let j(a) = a**3 + 7*a**2 + 2*a - 5. Suppose 3 = h + 8. Let f be j(h). Suppose -4*v = v - f. What are the prime factors of v?
7
Suppose -5*y - 5 + 20 = 0, 0 = i - 4*y - 23. List the prime factors of i.
5, 7
Let q(n) = -n**3 + 6*n**2 + 6*n + 7. List the prime factors of q(6).
43
Suppose -2*y + 234 = -4*z, -29 + 385 = 3*y - z. List the prime factors of y.
7, 17
Let b(i) = 20*i - 14. What are the prime factors of b(8)?
2, 73
Suppose 0 = 5*g - 4*r - 6, 8*r + 1 = 3*g + 3*r. Suppose -244 + 88 = -3*v. Suppose 6*t = g*t + v. What are the prime factors of t?
13
Let g(j) = -7*j**3 - 8*j**2 + 8*j + 13. Let f(c) = 15*c**3 + 16*c**2 - 15*c - 26. Let i(l) = -6*f(l) - 13*g(l). List the prime factors of i(-9).
2
Let u(q) be the second derivative of -q**4/12 + q**3/6 + 19*q**2/2 + 3*q. What are the prime factors of u(0)?
19
Suppose -f = -q + 126, 5*q - 392 - 258 = -5*f. List the prime factors of q.
2
Let f = -44 + 65. Suppose -32 = -3*h + 5*g, -h = -3*h + 3*g + f. What are the prime factors of h?
3
Let c be 84/(-15) - 6/15. Let t be 1/c*-3*4. Suppose -t*f + 12 = -16. List the prime factors of f.
2, 7
Let n(k) = 2*k**2 - 9*k + 6. What are the prime factors of n(6)?
2, 3
Suppose -2*u + u = -4. Let c = 6 - u. Suppose c*r = r + 6. What are the prime factors of r?
2, 3
List the prime factors of (4 - 6/2)/(2/4).
2
Suppose -84 = -z + 101. What are the prime factors of z?
5, 37
Suppose q - 6*q + 185 = 0. What are the prime factors of q?
37
Suppose -4*u + 98 = -2*u. Suppose -3*x - 4*q + 78 = 0, 0*x + 81 = 3*x + 3*q. Let d = u - x. List the prime factors of d.
19
Let d be 6 + (-3 + 5)/(-2). Suppose 0 = d*l - 59 - 16. What are the prime factors of l?
3, 5
Suppose -7*r + 20 = -3*r. What are the prime factors of r?
5
Let w(s) = s**2 - 12*s + 8*s + 0 - 2. Let f = -6 - -12. List the prime factors of w(f).
2, 5
Suppose -3*h - 3*i + 12 = 0, 4*i + 0*i = -h + 10. Suppose -h*z + 6 + 0 = 0. What are the prime factors of 1/z + (-38)/(-3)?
13
What are the prime factors of -11*(-3 - 2)*4/4?
5, 11
List the prime factors of (-1 + 32)/(3 + -2).
31
Let s(b) = 25*b**3 - b. Let w be s(-1). Let p = 26 + w. What are the prime factors of p?
2
Let j be -2 - 14*(-3)/6. Suppose -5*r = -2*f - 31, 3*r - 25 = 5*f + j. What are the prime factors of r?
5
Let g = 122 + -17. What are the prime factors of g?
3, 5, 7
Let w = -4 - 70. List the prime factors of (-7)/(-14) + w/(-4).
19
Suppose 2*m = 2*z - 4*z + 52, 5*m + 59 = 4*z. What are the prime factors of z?
3, 7
Supp